*v = -35, 0 = -4*s - 5*v + 45. Suppose 0 = -s*z + 3912 + 15923. Is z prime?
True
Let f = -132 - -80. Let c = f + 55. Suppose c*g = -4*q + 7309, 5*g + 3*q - 16322 = -4122. Is g prime?
False
Let n be ((-8)/(-6) + -3)*-9*-1. Is (-504)/(-12) - n/(-3) a prime number?
True
Suppose 3*o - j - 212849 = 0, 3*o = 67*j - 70*j + 212841. Is o a prime number?
True
Suppose -7*a - 9*a = 7888. Let k = 6 - a. Is k prime?
True
Let p = -69 - -129. Let u(a) = 24*a - 1 - 1 + p*a + 4. Is u(3) composite?
True
Let l(t) = 1342*t**3 - 2*t**2 + 18*t - 43. Is l(5) prime?
True
Suppose 263985 - 2850307 = -2*c - 4*j, 12931547 = 10*c - j. Is c prime?
False
Let p = 92690 - 66033. Suppose 0 = 2*k + 5*x - 17784, x + p = 3*k - x. Is k prime?
True
Let n(l) = -l**2 - 5*l - 91714. Let p be n(0). Is -3*(8/52 + p/78) prime?
True
Suppose -1174 = 5*j - 7*j. Suppose -2*v + 2*k = -k - j, 5*k = 5. Suppose v + 127 = s. Is s a composite number?
True
Suppose 22*z - 24*z = -97258. Is z prime?
False
Suppose b = -3*x + 337240, -12*x + 14*x + 337275 = b. Is b prime?
True
Let l(n) = -n**3 + 6*n**2 - 10*n + 12. Let y be l(4). Suppose y*u = -4*u + 8248. Is u composite?
False
Let k(m) = 16*m**2 + m - 2. Let r be (-8)/44 - (-64)/(-11). Let n be k(r). Suppose -n - 5351 = -3*f. Is f composite?
False
Let x(z) = -z**3 - 3*z**2 - 18*z - 52. Let i be x(-3). Is 3 + (64/(-6))/(i/(-993)) prime?
False
Let y = -3297 - -5291. Suppose -2*f + 1326 = -5*i + i, -y = -3*f + 5*i. Is f prime?
True
Suppose -5*g - 2*z - 22 = 0, 3*g + 13*z + 6 = 10*z. Is (-2)/g*-7017*-5 a composite number?
True
Let g = 225212 - -240807. Is g composite?
False
Let l = -15383 + 45921. Is l prime?
False
Let a = 72603 + 32528. Is a a prime number?
False
Let s = -410406 + 810293. Is s prime?
True
Let u(x) = -x**2 - 41*x + 42. Let j be u(-42). Suppose -18*c + 28*c - 15410 = j. Is c a composite number?
True
Suppose -13*d + 1025 = -392. Suppose d - 106 = o. Suppose -1076 = -o*u - 155. Is u a prime number?
True
Let i = -824111 + 1534528. Is i prime?
False
Let c = -4596 - -13931. Is c/9 + (770/99 - 8) composite?
True
Let i(u) = -u**2 - 10*u - 1. Let n be i(-8). Suppose -2*d + x = 13633, -x - 2*x = -n. Is (d/3)/((-44)/66) a composite number?
False
Let u(q) = 4*q - 11*q**3 + 1 - 12*q**2 + 5*q + 10*q**3. Let k(m) = m**3 + 11*m**2 - 8*m - 1. Let x(f) = -7*k(f) - 6*u(f). Is x(-9) a prime number?
True
Suppose u - 7 + 3 = 0, 3*u = y - 2376. Suppose -8*n = -11*n - y. Let z = -489 - n. Is z composite?
False
Let j(w) = -75478*w - 1137. Is j(-5) a prime number?
False
Suppose 4*s - 1988 = -5*v - 481, -2*v - 2*s = -604. Let j = v - -363. Is j a prime number?
False
Suppose 16 = 4*g, x + 10*g - 17685 = 14*g. Is x a prime number?
False
Suppose 3*p + s = -25, 3 - 30 = 3*p + 3*s. Let w(t) = t**3 + 9*t**2 + 7*t - 10. Let i be w(p). Is ((-3495)/6)/((-3)/6) + i prime?
True
Is (6/24 - 0)/((-10 + 2)/(-10486496)) prime?
False
Suppose 36*y = 37*y + 11670. Let d = -6461 - y. Is d a prime number?
True
Suppose 0 = 2*v - 3*r - 34, -2*v + v + 7 = r. Let j(t) be the first derivative of 15*t**2 - 28*t + 73. Is j(v) a prime number?
False
Let b(o) = 63*o - 1756. Is b(29) composite?
False
Let k = -1770 - -3673. Let t = k - -570. Is t composite?
False
Let l be (-17112)/(-26) - 8/52. Is (l*-7)/(-7) + -5 composite?
False
Let c(l) = 4*l + 2434. Let z be 107 - ((-15)/10 + 1/2). Let y = z + -108. Is c(y) composite?
True
Suppose -4*f - 3*d + 2 = -6, 13 = 3*f + 4*d. Let q be f/2*(-7 + -5). Suppose -3*m - q*p + 173 = -10*p, 3*p + 281 = 5*m. Is m prime?
False
Suppose 3292 = 10*t - 1408. Let s be (-1)/4 - (-3513)/(-12). Let m = t + s. Is m a composite number?
True
Is 32601/6 + 55/(-22) composite?
False
Let i = 539 - 515. Is (4/i*3)/(2/32740) a prime number?
False
Let b(a) = 40*a**2 + 4*a - 1. Suppose 9 = 3*k - 3. Suppose 0 = -4*l - 0*l + 4*z + k, 3*z = -l + 9. Is b(l) a composite number?
True
Let l(z) = -z - 34. Let w be l(-19). Is 8457 + (-20)/w*3 prime?
True
Suppose -2*l = 0, 0 = 4*x + 6*l - 3*l + 26700. Is (-2 - x/12)*4 a prime number?
False
Let t(m) = 4*m**2 + 9*m + 18. Let z be 8 + -1 + 4 - 4. Let v be t(z). Suppose v + 644 = 3*g. Is g a prime number?
True
Suppose 5*t = 16119 + 84261. Suppose -p = 3*p + t. Let g = -2242 - p. Is g a composite number?
False
Suppose 7*p - 3 = -38. Is (7 - 8)*-86 - p composite?
True
Let z(h) be the third derivative of 10*h**2 + 0*h + 0 - 17/30*h**6 - 1/6*h**3 + 0*h**5 + 1/4*h**4. Is z(-3) a composite number?
True
Let w be (-6)/(-4)*1704/(-9). Let j = w + 331. Is j composite?
False
Let z(c) = 7*c**2 - 56*c - 593. Is z(-46) composite?
True
Let m(h) = 1633*h + 1387. Is m(30) a prime number?
True
Suppose 0 = -f + m - 71, 3*f - 5*m = -131 - 80. Let b(w) = w**3 - w**2 - 18. Let p be b(0). Is 16/f + (-13864)/p + -1 a prime number?
True
Let o(x) = -4*x**2 - 7*x + 33. Let z be o(4). Let a = 79 + z. Is (2198/(-8))/((-85)/a + 4) prime?
False
Let b(o) = -16*o - 126. Let c be b(-8). Suppose c*t + 1186 + 19697 = 5*g, 0 = g + 5*t - 4182. Is g composite?
False
Let r(q) = -264*q + 18. Let z be ((-4)/18 - 58/(-18)) + 3. Let x be r(z). Is (1 - 0)*(-2 - x/2) composite?
True
Suppose -189*h + 94*h = -86*h - 1404801. Is h prime?
True
Let y(x) be the third derivative of x**5/15 - x**4/6 - x**3/6 + 8*x**2. Let n be y(-3). Suppose -j = -n - 116. Is j composite?
False
Let l be (-4 + 1192)*19/4. Let x be 16/(-56) - (l/21 - 2). Let a = x - -682. Is a composite?
True
Suppose -89*a = -100*a + 361999. Is a prime?
True
Suppose 4*a - 580294 = 23*a - 2068013. Is a prime?
True
Let c(v) = -222*v + 61. Suppose 0 = 7*z - 3 + 45. Is c(z) a composite number?
True
Let c = -642 + 1082. Suppose -c = -2*z - 1908. Let y = -355 - z. Is y prime?
True
Let v = 72 - 2244. Let k = v - -3893. Is k composite?
False
Let i be ((-4)/(12/(-11)))/((-1)/(-6)). Suppose -4*g - b = -93, 5*b = -5*g - i + 142. Is g composite?
False
Let z(g) = -3*g**3 - 14*g**2 - 21*g - 66. Let u be z(-11). Suppose -22718 - u = -18*l. Is l a prime number?
True
Let i be (28/70)/((-2)/(-20)). Suppose 5*c = -3*f + f + 3511, 12 = -i*c. Is f prime?
False
Let m be -4 - 14*6/(-12). Let q(v) = -1. Let t(i) = 191*i + 18. Let w(n) = 4*q(n) + t(n). Is w(m) a prime number?
True
Let s(o) = 108*o**2 - 3*o - 12. Let b be s(10). Let d = -7527 + b. Suppose 4*t - 2029 = d. Is t composite?
True
Let m(z) = 4*z**3 + 14*z**2 + 48*z + 583. Is m(31) a composite number?
True
Let s = -47 + 2. Let g be (350 - -11) + (-2)/(-2). Let u = s + g. Is u composite?
False
Let z = 387865 - 236906. Is z prime?
True
Suppose 10509449 = 39*p + 1385828. Is p prime?
True
Let m(k) = -189*k**2 - 9*k + 19. Let s be m(6). Let p = 12846 + s. Is p a composite number?
False
Let q(n) = -218*n**3 - 16*n**2 - 59*n - 38. Is q(-11) composite?
False
Let x(j) = -127*j - 89. Let z be x(-4). Suppose 416*h - z*h + 43593 = 0. Is h prime?
False
Let n(z) = z**2 - 17*z - 17. Let l be n(17). Let o = -98 - -137. Let p = l + o. Is p a prime number?
False
Let a = -240318 + 577757. Is a a prime number?
False
Let g(d) = -d + 8. Suppose 80 = 3*k + 13*k. Let p be g(k). Is 1/p*18/24*17684 prime?
True
Let d(f) = 57386*f - 441. Is d(5) composite?
True
Suppose -3*f - 862573 = -4*y, 13*y + 5*f = 8*y + 1078190. Is y composite?
True
Suppose -3*u + 5*u - 30218 = -4*q, 5*q + 45272 = 3*u. Let a = u - 9538. Is a a prime number?
False
Let g be 34930/(-30)*-3*(0 - -1). Let f = g + -444. Is f prime?
True
Suppose 0 = -80*a + 75*a + 15. Suppose 0 = 4*d - 5*c - 1835, -426 - 1417 = -4*d - a*c. Suppose 9*b - d = 3311. Is b a composite number?
False
Suppose -2*b + 5924728 = -3*f, 108*b - 2962365 = 107*b + 2*f. Is b prime?
True
Let j(b) = -3*b - 1. Let n be j(-1). Let z(w) = 3*w**2 - 237*w - 1263. Let p be z(84). Is 3259/3 - n/p prime?
True
Let h(s) = 3*s - 33. Let x(d) = 4*d - 34. Let k(q) = 3*h(q) - 2*x(q). Let l be k(16). Is 2957/(4/3 - (-5)/l) composite?
False
Let j = -5579 + 13308. Is j a prime number?
False
Let s = -707 + 12391. Let d = s - -2559. Is d a composite number?
False
Suppose -8*l - 7655662 = -106*l. Is l a prime number?
False
Suppose -204883541 = -98*f - 531*f. Is f prime?
True
Let h(m) = -4*m + 52. Let c be h(13). Suppose -4*f + 2*d = -c*d - 3430, -2*d + 6 = 0. Is f a prime number?
True
Let t(d) = 314*d + 84. Let j be t(-44). Is (j/16)/((-2)/8) prime?
True
Let t(l) = 679*l**3 + l**2. Let j be t(-1). Let q(n) = 8